{"id":12306,"date":"2026-05-15T15:44:18","date_gmt":"2026-05-15T15:44:18","guid":{"rendered":"https:\/\/amygalernwerkstatt.de\/?page_id=12306"},"modified":"2026-05-15T15:44:18","modified_gmt":"2026-05-15T15:44:18","slug":"familien-gfk-workshop-fuer-erwachsene-kinder","status":"publish","type":"page","link":"https:\/\/amygalernwerkstatt.de\/?page_id=12306","title":{"rendered":"Familien-GFK-Workshop f\u00fcr Erwachsene &amp; Kinder"},"content":{"rendered":"\n<h3 class=\"wp-block-heading\">Miteinander reden, verstehen und Konflikte gemeinsam l\u00f6sen<\/h3>\n\n\n\n<p>Wie k\u00f6nnen Familien so miteinander sprechen, dass sich alle geh\u00f6rt f\u00fchlen \u2013 Kinder genauso wie Erwachsene?<br>In diesem interaktiven Workshop entdecken Kinder und Erwachsene gemeinsam die Grundlagen der Gewaltfreien Kommunikation (GFK).<\/p>\n\n\n\n<p>Spielerisch, kreativ und alltagsnah lernen Familien, Gef\u00fchle und Bed\u00fcrfnisse besser wahrzunehmen, Konflikte friedlicher zu l\u00f6sen und respektvoll miteinander umzugehen.<\/p>\n\n\n\n<p>Die Gewaltfreie Kommunikation nach Marshall Rosenberg hilft dabei, Verbindung statt Streit entstehen zu lassen \u2013 ohne Schuldzuweisungen, Drohungen oder Machtk\u00e4mpfe.<\/p>\n\n\n\n<h3 class=\"wp-block-heading\">Was erwartet euch?<\/h3>\n\n\n\n<ul class=\"wp-block-list\">\n<li>gemeinsame \u00dcbungen f\u00fcr Kinder und Erwachsene<\/li>\n\n\n\n<li>spielerische Methoden, Geschichten und kleine Rollenspiele<\/li>\n\n\n\n<li>Gef\u00fchle und Bed\u00fcrfnisse kennenlernen<\/li>\n\n\n\n<li>zuh\u00f6ren, ausdr\u00fccken und verstanden werden<\/li>\n\n\n\n<li>Ideen f\u00fcr einen entspannteren Familienalltag<\/li>\n<\/ul>\n\n\n\n<h3 class=\"wp-block-heading\">F\u00fcr wen?<\/h3>\n\n\n\n<p>F\u00fcr Familien mit Kindern im Alter von ca. 5\u20138 Jahren sowie andere Bezugspersonen, die gemeinsam mit Kindern neue Wege der Kommunikation entdecken m\u00f6chten.<\/p>\n\n\n\n<h3 class=\"wp-block-heading\">Ziel des Workshops<\/h3>\n\n\n\n<p>Mehr Verst\u00e4ndnis, Verbindung und Freude im Familienalltag \u2013 damit aus \u201eGegeneinander\u201c wieder ein \u201eMiteinander\u201c werden kann.<\/p>\n\n\n\n<p>Der Workshop ist lebendig, kindgerecht und ohne Leistungsdruck gestaltet.<br><strong>Es sind keine Vorkenntnisse erforderlich.<\/strong><\/p>\n","protected":false},"excerpt":{"rendered":"<p>Miteinander reden, verstehen und Konflikte gemeinsam l\u00f6sen Wie k\u00f6nnen Familien so miteinander sprechen, dass sich alle geh\u00f6rt f\u00fchlen \u2013 Kinder genauso wie Erwachsene?In diesem interaktiven Workshop entdecken Kinder und Erwachsene gemeinsam die Grundlagen der Gewaltfreien Kommunikation (GFK). Spielerisch, kreativ und alltagsnah lernen Familien, Gef\u00fchle und Bed\u00fcrfnisse besser wahrzunehmen, Konflikte friedlicher zu l\u00f6sen und respektvoll miteinander &hellip; <\/p>\n<p class=\"link-more\"><a href=\"https:\/\/amygalernwerkstatt.de\/?page_id=12306\" class=\"more-link\">Read more<span class=\"screen-reader-text\"> &#8222;Familien-GFK-Workshop f\u00fcr Erwachsene &amp; Kinder&#8220;<\/span><\/a><\/p>\n","protected":false},"author":1,"featured_media":12298,"parent":0,"menu_order":0,"comment_status":"closed","ping_status":"closed","template":"","meta":{"_eb_attr":"","inspiro_hide_title":false,"footnotes":""},"class_list":["post-12306","page","type-page","status-publish","has-post-thumbnail","hentry"],"featured_media_urls":{"thumbnail":["https:\/\/amygalernwerkstatt.de\/wp-content\/uploads\/2026\/05\/pexels-shkrabaanthony-6288088-150x150.jpg",150,150,true],"medium":["https:\/\/amygalernwerkstatt.de\/wp-content\/uploads\/2026\/05\/pexels-shkrabaanthony-6288088-300x200.jpg",300,200,true],"medium_large":["https:\/\/amygalernwerkstatt.de\/wp-content\/uploads\/2026\/05\/pexels-shkrabaanthony-6288088-scaled.jpg",768,512,false],"large":["https:\/\/amygalernwerkstatt.de\/wp-content\/uploads\/2026\/05\/pexels-shkrabaanthony-6288088-1024x683.jpg",950,634,true],"1536x1536":["https:\/\/amygalernwerkstatt.de\/wp-content\/uploads\/2026\/05\/pexels-shkrabaanthony-6288088-scaled-1536x1024.jpg",1536,1024,true],"2048x2048":["https:\/\/amygalernwerkstatt.de\/wp-content\/uploads\/2026\/05\/pexels-shkrabaanthony-6288088-scaled-2048x1366.jpg",2048,1366,true],"inspiro-featured-image":["https:\/\/amygalernwerkstatt.de\/wp-content\/uploads\/2026\/05\/pexels-shkrabaanthony-6288088-2000x1334.jpg",2000,1334,true],"inspiro-loop":["https:\/\/amygalernwerkstatt.de\/wp-content\/uploads\/2026\/05\/pexels-shkrabaanthony-6288088-950x320.jpg",950,320,true],"inspiro-loop@2x":["https:\/\/amygalernwerkstatt.de\/wp-content\/uploads\/2026\/05\/pexels-shkrabaanthony-6288088-1900x640.jpg",1900,640,true],"portfolio_item-thumbnail":["https:\/\/amygalernwerkstatt.de\/wp-content\/uploads\/2026\/05\/pexels-shkrabaanthony-6288088-600x400.jpg",600,400,true],"portfolio_item-thumbnail@2x":["https:\/\/amygalernwerkstatt.de\/wp-content\/uploads\/2026\/05\/pexels-shkrabaanthony-6288088-1200x800.jpg",1200,800,true],"portfolio_item-masonry":["https:\/\/amygalernwerkstatt.de\/wp-content\/uploads\/2026\/05\/pexels-shkrabaanthony-6288088-scaled-600x400.jpg",600,400,true],"portfolio_item-masonry@2x":["https:\/\/amygalernwerkstatt.de\/wp-content\/uploads\/2026\/05\/pexels-shkrabaanthony-6288088-scaled-1200x800.jpg",1200,800,true],"portfolio_item-thumbnail_cinema":["https:\/\/amygalernwerkstatt.de\/wp-content\/uploads\/2026\/05\/pexels-shkrabaanthony-6288088-scaled-800x335.jpg",800,335,true],"portfolio_item-thumbnail_portrait":["https:\/\/amygalernwerkstatt.de\/wp-content\/uploads\/2026\/05\/pexels-shkrabaanthony-6288088-scaled-600x900.jpg",600,900,true],"portfolio_item-thumbnail_portrait@2x":["https:\/\/amygalernwerkstatt.de\/wp-content\/uploads\/2026\/05\/pexels-shkrabaanthony-6288088-scaled-1200x1707.jpg",1200,1707,true],"portfolio_item-thumbnail_square":["https:\/\/amygalernwerkstatt.de\/wp-content\/uploads\/2026\/05\/pexels-shkrabaanthony-6288088-scaled-800x800.jpg",800,800,true]},"_links":{"self":[{"href":"https:\/\/amygalernwerkstatt.de\/index.php?rest_route=\/wp\/v2\/pages\/12306","targetHints":{"allow":["GET"]}}],"collection":[{"href":"https:\/\/amygalernwerkstatt.de\/index.php?rest_route=\/wp\/v2\/pages"}],"about":[{"href":"https:\/\/amygalernwerkstatt.de\/index.php?rest_route=\/wp\/v2\/types\/page"}],"author":[{"embeddable":true,"href":"https:\/\/amygalernwerkstatt.de\/index.php?rest_route=\/wp\/v2\/users\/1"}],"replies":[{"embeddable":true,"href":"https:\/\/amygalernwerkstatt.de\/index.php?rest_route=%2Fwp%2Fv2%2Fcomments&post=12306"}],"version-history":[{"count":1,"href":"https:\/\/amygalernwerkstatt.de\/index.php?rest_route=\/wp\/v2\/pages\/12306\/revisions"}],"predecessor-version":[{"id":12307,"href":"https:\/\/amygalernwerkstatt.de\/index.php?rest_route=\/wp\/v2\/pages\/12306\/revisions\/12307"}],"wp:featuredmedia":[{"embeddable":true,"href":"https:\/\/amygalernwerkstatt.de\/index.php?rest_route=\/wp\/v2\/media\/12298"}],"wp:attachment":[{"href":"https:\/\/amygalernwerkstatt.de\/index.php?rest_route=%2Fwp%2Fv2%2Fmedia&parent=12306"}],"curies":[{"name":"wp","href":"https:\/\/api.w.org\/{rel}","templated":true}]}}